{"id":5,"date":"2011-07-14T19:45:29","date_gmt":"2011-07-14T19:45:29","guid":{"rendered":"http:\/\/www.cdaloshalcones.es\/?page_id=5"},"modified":"2015-02-09T18:02:31","modified_gmt":"2015-02-09T18:02:31","slug":"elclub","status":"publish","type":"page","link":"http:\/\/www.cdaloshalcones.es\/?page_id=5","title":{"rendered":"Club"},"content":{"rendered":"<div class=\"grid_9 \"><div class=\"indent\">\n<h2>BIENVENIDO A NUESTRO CLUB<\/h2>\n<h3>El Club.<\/h3>\n<p>A trav\u00e9s de nuestra web te mostramos con un amplio recorrido lo que es a rasgos generales nuestro club, con una panor\u00e1mica de variados contenidos de lo que son los aspectos y secciones mas interesantes y significativos del club, y con la intenci\u00f3n de que sea, un lugar de visita y consulta para Aeromodelistas y Aficionados.<\/p>\n<p>Desde nuestro inicio como entidad deportiva y hasta la fecha, siempre ha existido un estupendo ambiente de respeto, compa\u00f1erismo y camarader\u00eda entre todos, con la idea y el objetivo de practicar, ense\u00f1ar, promover y promocionar nuestro hobby deporte del Aeromodelismo dentro de la normativa y leyes que lo regulan.<\/p>\n<p>No pedimos ninguna condici\u00f3n especial a los futuros pilotos socios del club, que no sean las mencionadas anteriormente y en las cuales est\u00e1 garantizada la buena convivencia en cualquier sociedad.<\/p>\n<p>Y tambi\u00e9n estamos siempre en activo trabajando en todos los temas referentes al control, protecci\u00f3n y seguridad para que nuestra actividad pueda realizarse en las mejores condiciones posibles dentro del riesgo que entra\u00f1a, y siempre en pro y a favor de toda nueva medida que surja para mejorar nuestras condiciones en la pr\u00e1ctica del Aeromodelismo.<br \/>\n<div class=\"clear\"><\/div>\n<div class=\"hr\"><!-- --><\/div>\n<h2>HISTORIA<\/h2>\n<div class=\"frame alignleft\"> <img loading=\"lazy\" decoding=\"async\" title=\"img21\" src=\"http:\/\/www.cdaloshalcones.es\/wp-content\/uploads\/2011\/07\/img211.jpg\" alt=\"\" width=\"241\" height=\"143\" \/><\/div><!-- .frame (end) -->\n<h3>Fundado a principios del a\u00f1o 1994.<\/h3>\n<p>Nuestro club fue fundado a partir de un grupo de amigos que practicaban el aeromodelismo en la Rambla Finca lo Pollo, frente a La Manga del Mar Menor; y que debido a la creciente demanda, deciden unirse por el bien del grupo y sobre todo del deporte en la Regi\u00f3n.<\/p>\n<p>En la actualidad el club posee unos 75 socios de n\u00famero mas los socios familiares todos en activo en todas las modalidades haciendo especial hincapi\u00e9 en la promoci\u00f3n de nuevos pilotos y sobre todo en los m\u00e1s j\u00f3venes; a lo cual la gente de la Pedan\u00eda ha respondido de inmejorable forma; gracias tambi\u00e9n al apoyo tan humano que estamos recibiendo d\u00eda a d\u00eda del Patronato de Deportes del Excmo. Ayuntamiento de Torre Pacheco-Murcial, cual promociona junto con el club a j\u00f3venes del municipio que est\u00e9n interesados en hacerse pilotos de aeromodelismo y vivir todos juntos las inquietudes que ocasiona este gran deporte y valorar la gran camarader\u00eda que se genera en el Campo de Vuelo.<\/p>\n<div><\/div>\n<div class=\"clear\"><\/div>\n<div class=\"clear\"><\/div>\n<div class=\"hr\"><!-- --><\/div>\n<a href=\"http:\/\/www.cdaloshalcones.es\/wp-content\/uploads\/2011\/07\/img213.jpg\"><img loading=\"lazy\" decoding=\"async\" title=\"img213\" src=\"http:\/\/www.cdaloshalcones.es\/wp-content\/uploads\/2011\/07\/img213.jpg\" alt=\"\" width=\"678\" height=\"132\" \/><\/a><\/p>\n<div><\/div>\n<div><\/div>\n<h2>UN SUE\u00d1O HECHO REALIDAD<\/h2>\n<p>En cuanto a nuestras instalaciones, pues el a\u00f1o 2003 fue el a\u00f1o del sue\u00f1o hecho realidad, nos encontramos gracias a la colaboraci\u00f3n de los se\u00f1ores socios con unas instalaciones dignas de nuestro esfuerzo; con una pista asfaltada y pintada con unas dimensiones de 175x18mts, orientada al rumbo 250\u00ba \u2013 70\u00ba. situaci\u00f3n 37\u00ba \u2013 45,684\u2032 lat. N. 1\u00ba \u2013 00,741 log.W.<\/p>\n<p>Aunque en realidad las dimensiones son 230\u00d725 mts; aparte con otra pista de tierra compactada llamada de perd\u00f3n de 230\u00d725 mts. paralela a la anterior, boxes cubiertos de 12\u00d76 mts. y una mini pista para los helic\u00f3pteros, y sobre todo una de las ventajas es el entorno que nos rodea, ideal para la pr\u00e1ctica del aeromodelismo.<br \/>\n<\/div><!-- .indent (end) --><\/div>\n<div class=\"grid_3 \"><div class=\"box-holder\">\n<p>Directiva<\/p>\n<ul class=\"recent-posts team\"><li class=\"entry\"><div class=\"post_content\"><h5><a href=\"http:\/\/www.cdaloshalcones.es\/?team=mark-johnson\" title=\"Jos\u00e9 Franco Hern\u00e1ndez\">Jos\u00e9 Franco Hern\u00e1ndez<\/a><\/h5><div class=\"excerpt\">Presidente del Club pepevistamar@gmail.com... <\/div><\/div><\/li><li class=\"entry\"><div class=\"post_content\"><h5><a href=\"http:\/\/www.cdaloshalcones.es\/?team=bradley-grosh\" title=\"Jos\u00e9 Manuel G\u00f3mez Castillo\">Jos\u00e9 Manuel G\u00f3mez Castillo<\/a><\/h5><div class=\"excerpt\">Vicepresidente \u00a0jmgomcas@hotmail.com... <\/div><\/div><\/li><li class=\"entry\"><div class=\"post_content\"><h5><a href=\"http:\/\/www.cdaloshalcones.es\/?team=patrick-pool\" title=\"Juan M. Alcaraz Hern\u00e1ndez\">Juan M. Alcaraz Hern\u00e1ndez<\/a><\/h5><div class=\"excerpt\">Secretario \u00a0juan3bp@hotmail.com... <\/div><\/div><\/li><li class=\"entry\"><div class=\"post_content\"><h5><a href=\"http:\/\/www.cdaloshalcones.es\/?team=sam-kromstain\" title=\"Jos\u00e9 Mar\u00eda S\u00e1nchez Higueras\">Jos\u00e9 Mar\u00eda S\u00e1nchez Higueras<\/a><\/h5><div class=\"excerpt\">Vicesecretario jmshvikingo@gmail.com... <\/div><\/div><\/li><li class=\"entry\"><div class=\"post_content\"><h5><a href=\"http:\/\/www.cdaloshalcones.es\/?team=brian-clark\" title=\"Miguel P\u00e9rez Garc\u00eda\">Miguel P\u00e9rez Garc\u00eda<\/a><\/h5><div class=\"excerpt\">Tesorero R-P.M.D.T.P. mike50@telefonica.net... <\/div><\/div><\/li><\/ul><!-- .recent-posts (end) -->\n<p>El tiempo<\/p>\n\n<div class=\"wu-wrapper wu-table-verticalcss_table_class\"><form class=\"wu-search ui-front\">\n\t<label><i class=\"dashicons dashicons-search\"><\/i><input type=\"text\" class=\"wu-autocomplete\" value=\"Torre-Pacheco, Spain\" \/><\/label>\n<\/form>The location could not be found.\n<\/div>\n<div class=\"spacer\"><!-- --><\/div>\n<\/div><!-- .box (end) --><\/div>\n<div class=\"clear\"><\/div>\n","protected":false},"excerpt":{"rendered":"","protected":false},"author":1,"featured_media":0,"parent":0,"menu_order":1,"comment_status":"open","ping_status":"open","template":"page-fullwidth.php","meta":{"ngg_post_thumbnail":0,"footnotes":"","_links_to":"","_links_to_target":""},"class_list":["post-5","page","type-page","status-publish","hentry"],"_links":{"self":[{"href":"http:\/\/www.cdaloshalcones.es\/index.php?rest_route=\/wp\/v2\/pages\/5","targetHints":{"allow":["GET"]}}],"collection":[{"href":"http:\/\/www.cdaloshalcones.es\/index.php?rest_route=\/wp\/v2\/pages"}],"about":[{"href":"http:\/\/www.cdaloshalcones.es\/index.php?rest_route=\/wp\/v2\/types\/page"}],"author":[{"embeddable":true,"href":"http:\/\/www.cdaloshalcones.es\/index.php?rest_route=\/wp\/v2\/users\/1"}],"replies":[{"embeddable":true,"href":"http:\/\/www.cdaloshalcones.es\/index.php?rest_route=%2Fwp%2Fv2%2Fcomments&post=5"}],"version-history":[{"count":0,"href":"http:\/\/www.cdaloshalcones.es\/index.php?rest_route=\/wp\/v2\/pages\/5\/revisions"}],"wp:attachment":[{"href":"http:\/\/www.cdaloshalcones.es\/index.php?rest_route=%2Fwp%2Fv2%2Fmedia&parent=5"}],"curies":[{"name":"wp","href":"https:\/\/api.w.org\/{rel}","templated":true}]}}